{"id":1021,"date":"2025-08-22T09:14:55","date_gmt":"2025-08-22T06:14:55","guid":{"rendered":"https:\/\/markelaaksonen.net\/?page_id=1021"},"modified":"2025-08-23T11:17:19","modified_gmt":"2025-08-23T08:17:19","slug":"maalauksia-2021-2023","status":"publish","type":"page","link":"https:\/\/markelaaksonen.net\/?page_id=1021","title":{"rendered":"Maalauksia 2021-2023"},"content":{"rendered":"\n<div class=\"wp-block-columns is-layout-flex wp-container-core-columns-is-layout-9d6595d7 wp-block-columns-is-layout-flex\">\n<div class=\"wp-block-column is-layout-flow wp-block-column-is-layout-flow\">\n<figure class=\"wp-block-image size-full\"><img fetchpriority=\"high\" decoding=\"async\" width=\"788\" height=\"881\" src=\"https:\/\/markelaaksonen.net\/wp-content\/uploads\/2024\/03\/Marke_Laaksonen_Ritarien_sukua_2023_oljy_yksityiskohta.jpg\" alt=\"\" class=\"wp-image-786\" srcset=\"https:\/\/markelaaksonen.net\/wp-content\/uploads\/2024\/03\/Marke_Laaksonen_Ritarien_sukua_2023_oljy_yksityiskohta.jpg 788w, https:\/\/markelaaksonen.net\/wp-content\/uploads\/2024\/03\/Marke_Laaksonen_Ritarien_sukua_2023_oljy_yksityiskohta-268x300.jpg 268w, https:\/\/markelaaksonen.net\/wp-content\/uploads\/2024\/03\/Marke_Laaksonen_Ritarien_sukua_2023_oljy_yksityiskohta-768x859.jpg 768w\" sizes=\"(max-width: 706px) 89vw, (max-width: 767px) 82vw, 740px\" \/><figcaption class=\"wp-element-caption\">Ritarien sukua, yksityiskohta<\/figcaption><\/figure>\n<\/div>\n\n\n\n<div class=\"wp-block-column is-layout-flow wp-block-column-is-layout-flow\">\n<figure class=\"wp-block-image size-large\"><img decoding=\"async\" width=\"847\" height=\"1024\" src=\"https:\/\/markelaaksonen.net\/wp-content\/uploads\/2024\/02\/Marke_Laaksonen_Ritarien_sukua_2023_oljy_kankaalle_100x81cm-1-847x1024.jpg\" alt=\"\" class=\"wp-image-778\" srcset=\"https:\/\/markelaaksonen.net\/wp-content\/uploads\/2024\/02\/Marke_Laaksonen_Ritarien_sukua_2023_oljy_kankaalle_100x81cm-1-847x1024.jpg 847w, https:\/\/markelaaksonen.net\/wp-content\/uploads\/2024\/02\/Marke_Laaksonen_Ritarien_sukua_2023_oljy_kankaalle_100x81cm-1-248x300.jpg 248w, https:\/\/markelaaksonen.net\/wp-content\/uploads\/2024\/02\/Marke_Laaksonen_Ritarien_sukua_2023_oljy_kankaalle_100x81cm-1-768x928.jpg 768w, https:\/\/markelaaksonen.net\/wp-content\/uploads\/2024\/02\/Marke_Laaksonen_Ritarien_sukua_2023_oljy_kankaalle_100x81cm-1-1271x1536.jpg 1271w, https:\/\/markelaaksonen.net\/wp-content\/uploads\/2024\/02\/Marke_Laaksonen_Ritarien_sukua_2023_oljy_kankaalle_100x81cm-1-1695x2048.jpg 1695w, https:\/\/markelaaksonen.net\/wp-content\/uploads\/2024\/02\/Marke_Laaksonen_Ritarien_sukua_2023_oljy_kankaalle_100x81cm-1.jpg 1746w\" sizes=\"(max-width: 706px) 89vw, (max-width: 767px) 82vw, 740px\" \/><figcaption class=\"wp-element-caption\">Ritarien sukua, 2023<br>\u00f6ljy kankaalle, 100\u00d781 cm<\/figcaption><\/figure>\n<\/div>\n<\/div>\n\n\n\n<div class=\"wp-block-columns is-layout-flex wp-container-core-columns-is-layout-9d6595d7 wp-block-columns-is-layout-flex\">\n<div class=\"wp-block-column is-layout-flow wp-block-column-is-layout-flow\">\n<figure class=\"wp-block-image size-full\"><img decoding=\"async\" width=\"788\" height=\"591\" src=\"https:\/\/markelaaksonen.net\/wp-content\/uploads\/2024\/03\/Marke_Laaksonen_Porriaiset_yksityiskohta.jpg\" alt=\"\" class=\"wp-image-785\" srcset=\"https:\/\/markelaaksonen.net\/wp-content\/uploads\/2024\/03\/Marke_Laaksonen_Porriaiset_yksityiskohta.jpg 788w, https:\/\/markelaaksonen.net\/wp-content\/uploads\/2024\/03\/Marke_Laaksonen_Porriaiset_yksityiskohta-300x225.jpg 300w, https:\/\/markelaaksonen.net\/wp-content\/uploads\/2024\/03\/Marke_Laaksonen_Porriaiset_yksityiskohta-768x576.jpg 768w\" sizes=\"(max-width: 706px) 89vw, (max-width: 767px) 82vw, 740px\" \/><figcaption class=\"wp-element-caption\">P\u00f6rri\u00e4iset, yksityiskohta<\/figcaption><\/figure>\n<\/div>\n\n\n\n<div class=\"wp-block-column is-layout-flow wp-block-column-is-layout-flow\">\n<figure class=\"wp-block-image size-large\"><img loading=\"lazy\" decoding=\"async\" width=\"1024\" height=\"1024\" src=\"https:\/\/markelaaksonen.net\/wp-content\/uploads\/2024\/02\/Marke_Laaksonen_Porriaiset_2023_oljy_kankaalle_100x100cm-1024x1024.jpg\" alt=\"\" class=\"wp-image-777\" srcset=\"https:\/\/markelaaksonen.net\/wp-content\/uploads\/2024\/02\/Marke_Laaksonen_Porriaiset_2023_oljy_kankaalle_100x100cm-1024x1024.jpg 1024w, https:\/\/markelaaksonen.net\/wp-content\/uploads\/2024\/02\/Marke_Laaksonen_Porriaiset_2023_oljy_kankaalle_100x100cm-300x300.jpg 300w, https:\/\/markelaaksonen.net\/wp-content\/uploads\/2024\/02\/Marke_Laaksonen_Porriaiset_2023_oljy_kankaalle_100x100cm-150x150.jpg 150w, https:\/\/markelaaksonen.net\/wp-content\/uploads\/2024\/02\/Marke_Laaksonen_Porriaiset_2023_oljy_kankaalle_100x100cm-768x768.jpg 768w, https:\/\/markelaaksonen.net\/wp-content\/uploads\/2024\/02\/Marke_Laaksonen_Porriaiset_2023_oljy_kankaalle_100x100cm-100x100.jpg 100w, https:\/\/markelaaksonen.net\/wp-content\/uploads\/2024\/02\/Marke_Laaksonen_Porriaiset_2023_oljy_kankaalle_100x100cm-200x200.jpg 200w, https:\/\/markelaaksonen.net\/wp-content\/uploads\/2024\/02\/Marke_Laaksonen_Porriaiset_2023_oljy_kankaalle_100x100cm.jpg 1351w\" sizes=\"(max-width: 706px) 89vw, (max-width: 767px) 82vw, 740px\" \/><figcaption class=\"wp-element-caption\">P\u00f6rri\u00e4iset, 2023<br>\u00f6ljy kankaalle, 100\u00d7100 cm<\/figcaption><\/figure>\n<\/div>\n<\/div>\n\n\n\n<figure class=\"wp-block-image\"><img loading=\"lazy\" decoding=\"async\" width=\"1024\" height=\"843\" src=\"https:\/\/sp-ao.shortpixel.ai\/client\/to_webp,q_glossy,ret_img,w_1024,h_843\/https:\/\/markelaaksonen.net\/wp-content\/uploads\/2024\/02\/Marke_Art_Talvinen_maisema-1024x843.jpg\" alt=\"\" class=\"wp-image-775\" srcset=\"https:\/\/markelaaksonen.net\/wp-content\/uploads\/2024\/02\/Marke_Art_Talvinen_maisema-1024x843.jpg 1024w, https:\/\/markelaaksonen.net\/wp-content\/uploads\/2024\/02\/Marke_Art_Talvinen_maisema-300x247.jpg 300w, https:\/\/markelaaksonen.net\/wp-content\/uploads\/2024\/02\/Marke_Art_Talvinen_maisema-768x632.jpg 768w, https:\/\/markelaaksonen.net\/wp-content\/uploads\/2024\/02\/Marke_Art_Talvinen_maisema-1536x1264.jpg 1536w, https:\/\/markelaaksonen.net\/wp-content\/uploads\/2024\/02\/Marke_Art_Talvinen_maisema.jpg 1615w\" sizes=\"(max-width: 706px) 89vw, (max-width: 767px) 82vw, 740px\" \/><figcaption class=\"wp-element-caption\">Talvinen maisema, 2023, \u00f6ljy kankaalle, 81\u00d7100 cm<\/figcaption><\/figure>\n\n\n\n<figure class=\"wp-block-image\"><img loading=\"lazy\" decoding=\"async\" width=\"854\" height=\"1024\" src=\"https:\/\/sp-ao.shortpixel.ai\/client\/to_webp,q_glossy,ret_img,w_854,h_1024\/https:\/\/markelaaksonen.net\/wp-content\/uploads\/2024\/03\/Marke_Laaksonen_Peacock_Park_yksityiskohta-854x1024.jpg\" alt=\"\" class=\"wp-image-787\" srcset=\"https:\/\/markelaaksonen.net\/wp-content\/uploads\/2024\/03\/Marke_Laaksonen_Peacock_Park_yksityiskohta-854x1024.jpg 854w, https:\/\/markelaaksonen.net\/wp-content\/uploads\/2024\/03\/Marke_Laaksonen_Peacock_Park_yksityiskohta-250x300.jpg 250w, https:\/\/markelaaksonen.net\/wp-content\/uploads\/2024\/03\/Marke_Laaksonen_Peacock_Park_yksityiskohta-768x921.jpg 768w, https:\/\/markelaaksonen.net\/wp-content\/uploads\/2024\/03\/Marke_Laaksonen_Peacock_Park_yksityiskohta-1281x1536.jpg 1281w, https:\/\/markelaaksonen.net\/wp-content\/uploads\/2024\/03\/Marke_Laaksonen_Peacock_Park_yksityiskohta.jpg 1399w\" sizes=\"(max-width: 706px) 89vw, (max-width: 767px) 82vw, 740px\" \/><figcaption class=\"wp-element-caption\">Peacock Park, yksityiskohta<\/figcaption><\/figure>\n\n\n\n<figure class=\"wp-block-image\"><img loading=\"lazy\" decoding=\"async\" width=\"1024\" height=\"675\" src=\"https:\/\/sp-ao.shortpixel.ai\/client\/to_webp,q_glossy,ret_img,w_1024,h_675\/https:\/\/markelaaksonen.net\/wp-content\/uploads\/2023\/02\/Marke_Laaksonen_Peacock_Park_1920-1024x675.jpg\" alt=\"\" class=\"wp-image-687\" srcset=\"https:\/\/markelaaksonen.net\/wp-content\/uploads\/2023\/02\/Marke_Laaksonen_Peacock_Park_1920-1024x675.jpg 1024w, https:\/\/markelaaksonen.net\/wp-content\/uploads\/2023\/02\/Marke_Laaksonen_Peacock_Park_1920-300x198.jpg 300w, https:\/\/markelaaksonen.net\/wp-content\/uploads\/2023\/02\/Marke_Laaksonen_Peacock_Park_1920-768x506.jpg 768w, https:\/\/markelaaksonen.net\/wp-content\/uploads\/2023\/02\/Marke_Laaksonen_Peacock_Park_1920-150x100.jpg 150w, https:\/\/markelaaksonen.net\/wp-content\/uploads\/2023\/02\/Marke_Laaksonen_Peacock_Park_1920-200x133.jpg 200w, https:\/\/markelaaksonen.net\/wp-content\/uploads\/2023\/02\/Marke_Laaksonen_Peacock_Park_1920-250x166.jpg 250w, https:\/\/markelaaksonen.net\/wp-content\/uploads\/2023\/02\/Marke_Laaksonen_Peacock_Park_1920-1536x1012.jpg 1536w, https:\/\/markelaaksonen.net\/wp-content\/uploads\/2023\/02\/Marke_Laaksonen_Peacock_Park_1920.jpg 1920w\" sizes=\"(max-width: 706px) 89vw, (max-width: 767px) 82vw, 740px\" \/><figcaption class=\"wp-element-caption\">Peacock Park, 2022, \u00f6ljy kankaalle, 100 x 150 cm, yksityisomistuksessa<\/figcaption><\/figure>\n\n\n\n<figure class=\"wp-block-image\"><img loading=\"lazy\" decoding=\"async\" width=\"1024\" height=\"824\" src=\"https:\/\/sp-ao.shortpixel.ai\/client\/to_webp,q_glossy,ret_img,w_1024,h_824\/https:\/\/markelaaksonen.net\/wp-content\/uploads\/2024\/02\/Marke_Art_Jaakarhut_revontulien_yossa-1024x824.jpg\" alt=\"\" class=\"wp-image-774\" srcset=\"https:\/\/markelaaksonen.net\/wp-content\/uploads\/2024\/02\/Marke_Art_Jaakarhut_revontulien_yossa-1024x824.jpg 1024w, https:\/\/markelaaksonen.net\/wp-content\/uploads\/2024\/02\/Marke_Art_Jaakarhut_revontulien_yossa-300x241.jpg 300w, https:\/\/markelaaksonen.net\/wp-content\/uploads\/2024\/02\/Marke_Art_Jaakarhut_revontulien_yossa-768x618.jpg 768w, https:\/\/markelaaksonen.net\/wp-content\/uploads\/2024\/02\/Marke_Art_Jaakarhut_revontulien_yossa.jpg 1308w\" sizes=\"(max-width: 706px) 89vw, (max-width: 767px) 82vw, 740px\" \/><figcaption class=\"wp-element-caption\">J\u00e4\u00e4karhut revontulien y\u00f6ss\u00e4, 2023, 81\u00d7100 cm<\/figcaption><\/figure>\n\n\n\n<figure class=\"wp-block-image\"><img loading=\"lazy\" decoding=\"async\" width=\"1024\" height=\"956\" src=\"https:\/\/sp-ao.shortpixel.ai\/client\/to_webp,q_glossy,ret_img,w_1024,h_956\/https:\/\/markelaaksonen.net\/wp-content\/uploads\/2023\/02\/Marke_Laaksonen_Meren_aarre-1024x956.jpg\" alt=\"\" class=\"wp-image-681\" srcset=\"https:\/\/markelaaksonen.net\/wp-content\/uploads\/2023\/02\/Marke_Laaksonen_Meren_aarre-1024x956.jpg 1024w, https:\/\/markelaaksonen.net\/wp-content\/uploads\/2023\/02\/Marke_Laaksonen_Meren_aarre-300x280.jpg 300w, https:\/\/markelaaksonen.net\/wp-content\/uploads\/2023\/02\/Marke_Laaksonen_Meren_aarre-768x717.jpg 768w, https:\/\/markelaaksonen.net\/wp-content\/uploads\/2023\/02\/Marke_Laaksonen_Meren_aarre-1536x1433.jpg 1536w, https:\/\/markelaaksonen.net\/wp-content\/uploads\/2023\/02\/Marke_Laaksonen_Meren_aarre.jpg 1884w\" sizes=\"(max-width: 706px) 89vw, (max-width: 767px) 82vw, 740px\" \/><figcaption class=\"wp-element-caption\">Meren aarre, 2022, \u00f6ljy akryylilevylle, 100 x 100 cm, yksityisomistuksessa<\/figcaption><\/figure>\n\n\n\n<figure class=\"wp-block-image\"><img loading=\"lazy\" decoding=\"async\" width=\"1007\" height=\"1024\" src=\"https:\/\/sp-ao.shortpixel.ai\/client\/to_webp,q_glossy,ret_img,w_1007,h_1024\/https:\/\/markelaaksonen.net\/wp-content\/uploads\/2023\/02\/Marke_Laaksonen_Papukaijat_ja_Rauhankyyhky-1007x1024.jpg\" alt=\"\" class=\"wp-image-680\" srcset=\"https:\/\/markelaaksonen.net\/wp-content\/uploads\/2023\/02\/Marke_Laaksonen_Papukaijat_ja_Rauhankyyhky-1007x1024.jpg 1007w, https:\/\/markelaaksonen.net\/wp-content\/uploads\/2023\/02\/Marke_Laaksonen_Papukaijat_ja_Rauhankyyhky-295x300.jpg 295w, https:\/\/markelaaksonen.net\/wp-content\/uploads\/2023\/02\/Marke_Laaksonen_Papukaijat_ja_Rauhankyyhky-768x781.jpg 768w, https:\/\/markelaaksonen.net\/wp-content\/uploads\/2023\/02\/Marke_Laaksonen_Papukaijat_ja_Rauhankyyhky-1510x1536.jpg 1510w, https:\/\/markelaaksonen.net\/wp-content\/uploads\/2023\/02\/Marke_Laaksonen_Papukaijat_ja_Rauhankyyhky.jpg 1755w\" sizes=\"(max-width: 706px) 89vw, (max-width: 767px) 82vw, 740px\" \/><figcaption class=\"wp-element-caption\">Papukaijat ja Rauhankyyhky, 2022, \u00f6ljy akryylilevylle, 100 x 100 cm, yksityisomistuksessa<\/figcaption><\/figure>\n\n\n\n<figure class=\"wp-block-image\"><img loading=\"lazy\" decoding=\"async\" width=\"1024\" height=\"847\" src=\"https:\/\/sp-ao.shortpixel.ai\/client\/to_webp,q_glossy,ret_img,w_1024,h_847\/https:\/\/markelaaksonen.net\/wp-content\/uploads\/2023\/02\/Marke_Laaksonen_Valkoisten_Tiikerien_saari-1024x847.jpg\" alt=\"\" class=\"wp-image-686\" srcset=\"https:\/\/markelaaksonen.net\/wp-content\/uploads\/2023\/02\/Marke_Laaksonen_Valkoisten_Tiikerien_saari-1024x847.jpg 1024w, https:\/\/markelaaksonen.net\/wp-content\/uploads\/2023\/02\/Marke_Laaksonen_Valkoisten_Tiikerien_saari-300x248.jpg 300w, https:\/\/markelaaksonen.net\/wp-content\/uploads\/2023\/02\/Marke_Laaksonen_Valkoisten_Tiikerien_saari-768x635.jpg 768w, https:\/\/markelaaksonen.net\/wp-content\/uploads\/2023\/02\/Marke_Laaksonen_Valkoisten_Tiikerien_saari-1536x1270.jpg 1536w, https:\/\/markelaaksonen.net\/wp-content\/uploads\/2023\/02\/Marke_Laaksonen_Valkoisten_Tiikerien_saari.jpg 1920w\" sizes=\"(max-width: 706px) 89vw, (max-width: 767px) 82vw, 740px\" \/><figcaption class=\"wp-element-caption\">Valkoisten Tiikerien saari, 2022, \u00f6ljy kankaalle, 100 x 120 cm<\/figcaption><\/figure>\n\n\n\n<div class=\"wp-block-columns is-layout-flex wp-container-core-columns-is-layout-9d6595d7 wp-block-columns-is-layout-flex\">\n<div class=\"wp-block-column is-layout-flow wp-block-column-is-layout-flow\">\n<figure class=\"wp-block-image size-full\"><img loading=\"lazy\" decoding=\"async\" width=\"800\" height=\"658\" src=\"https:\/\/markelaaksonen.net\/wp-content\/uploads\/2022\/07\/Marke_Laaksonen_Art_Tsinniat_oljy_kankaalle_60x73x2.jpg\" alt=\"\" class=\"wp-image-546\" srcset=\"https:\/\/markelaaksonen.net\/wp-content\/uploads\/2022\/07\/Marke_Laaksonen_Art_Tsinniat_oljy_kankaalle_60x73x2.jpg 800w, https:\/\/markelaaksonen.net\/wp-content\/uploads\/2022\/07\/Marke_Laaksonen_Art_Tsinniat_oljy_kankaalle_60x73x2-300x247.jpg 300w, https:\/\/markelaaksonen.net\/wp-content\/uploads\/2022\/07\/Marke_Laaksonen_Art_Tsinniat_oljy_kankaalle_60x73x2-768x632.jpg 768w\" sizes=\"(max-width: 706px) 89vw, (max-width: 767px) 82vw, 740px\" \/><figcaption class=\"wp-element-caption\">Tsinniat, 2022, \u00f6ljy kankaalle, 60\u00d773 cm<\/figcaption><\/figure>\n<\/div>\n\n\n\n<div class=\"wp-block-column is-layout-flow wp-block-column-is-layout-flow\">\n<figure class=\"wp-block-image size-full\"><img loading=\"lazy\" decoding=\"async\" width=\"800\" height=\"790\" src=\"https:\/\/markelaaksonen.net\/wp-content\/uploads\/2022\/07\/Marke_Laaksonen_Art_Orkidea2_oljy_pleksille_20x20x03.jpg\" alt=\"\" class=\"wp-image-550\" srcset=\"https:\/\/markelaaksonen.net\/wp-content\/uploads\/2022\/07\/Marke_Laaksonen_Art_Orkidea2_oljy_pleksille_20x20x03.jpg 800w, https:\/\/markelaaksonen.net\/wp-content\/uploads\/2022\/07\/Marke_Laaksonen_Art_Orkidea2_oljy_pleksille_20x20x03-300x296.jpg 300w, https:\/\/markelaaksonen.net\/wp-content\/uploads\/2022\/07\/Marke_Laaksonen_Art_Orkidea2_oljy_pleksille_20x20x03-768x758.jpg 768w, https:\/\/markelaaksonen.net\/wp-content\/uploads\/2022\/07\/Marke_Laaksonen_Art_Orkidea2_oljy_pleksille_20x20x03-100x100.jpg 100w\" sizes=\"(max-width: 706px) 89vw, (max-width: 767px) 82vw, 740px\" \/><figcaption class=\"wp-element-caption\">Orkidea, 2022<br>\u00f6ljy akryylilevylle, 20\u00d720 cm<br>yksityisomistuksessa<\/figcaption><\/figure>\n<\/div>\n<\/div>\n\n\n\n<figure class=\"wp-block-image\"><img loading=\"lazy\" decoding=\"async\" width=\"800\" height=\"602\" src=\"https:\/\/sp-ao.shortpixel.ai\/client\/to_webp,q_glossy,ret_img,w_800,h_602\/https:\/\/markelaaksonen.net\/wp-content\/uploads\/2022\/07\/Marke_Laaksonen_Art_Olipa_kerran_oljy_pleksille_60x8x03.jpg\" alt=\"\" class=\"wp-image-545\" srcset=\"https:\/\/markelaaksonen.net\/wp-content\/uploads\/2022\/07\/Marke_Laaksonen_Art_Olipa_kerran_oljy_pleksille_60x8x03.jpg 800w, https:\/\/markelaaksonen.net\/wp-content\/uploads\/2022\/07\/Marke_Laaksonen_Art_Olipa_kerran_oljy_pleksille_60x8x03-300x226.jpg 300w, https:\/\/markelaaksonen.net\/wp-content\/uploads\/2022\/07\/Marke_Laaksonen_Art_Olipa_kerran_oljy_pleksille_60x8x03-768x578.jpg 768w\" sizes=\"(max-width: 706px) 89vw, (max-width: 767px) 82vw, 740px\" \/><figcaption class=\"wp-element-caption\">Olipa kerran, 2022, \u00f6ljy akryylilevylle, 60\u00d780 cm<\/figcaption><\/figure>\n\n\n\n<figure class=\"wp-block-image\"><img loading=\"lazy\" decoding=\"async\" width=\"1024\" height=\"813\" src=\"https:\/\/sp-ao.shortpixel.ai\/client\/to_webp,q_glossy,ret_img,w_1024,h_813\/https:\/\/markelaaksonen.net\/wp-content\/uploads\/2021\/07\/Valkoinen_tiikeri_viidakossa_II_2021_MarkeLaaksonen-1024x813.jpg\" alt=\"\" class=\"wp-image-352\" srcset=\"https:\/\/markelaaksonen.net\/wp-content\/uploads\/2021\/07\/Valkoinen_tiikeri_viidakossa_II_2021_MarkeLaaksonen-1024x813.jpg 1024w, https:\/\/markelaaksonen.net\/wp-content\/uploads\/2021\/07\/Valkoinen_tiikeri_viidakossa_II_2021_MarkeLaaksonen-300x238.jpg 300w, https:\/\/markelaaksonen.net\/wp-content\/uploads\/2021\/07\/Valkoinen_tiikeri_viidakossa_II_2021_MarkeLaaksonen-768x610.jpg 768w, https:\/\/markelaaksonen.net\/wp-content\/uploads\/2021\/07\/Valkoinen_tiikeri_viidakossa_II_2021_MarkeLaaksonen-1536x1219.jpg 1536w, https:\/\/markelaaksonen.net\/wp-content\/uploads\/2021\/07\/Valkoinen_tiikeri_viidakossa_II_2021_MarkeLaaksonen-2048x1626.jpg 2048w\" sizes=\"(max-width: 706px) 89vw, (max-width: 767px) 82vw, 740px\" \/><figcaption class=\"wp-element-caption\">Valkoinen tiikeri viidakossa, 2021, \u00f6ljy kankaalle, 81\u00d7100 cm, yksityisomistuksessa<\/figcaption><\/figure>\n\n\n\n<figure class=\"wp-block-image\"><img loading=\"lazy\" decoding=\"async\" width=\"1024\" height=\"808\" src=\"https:\/\/sp-ao.shortpixel.ai\/client\/to_webp,q_glossy,ret_img,w_1024,h_808\/https:\/\/markelaaksonen.net\/wp-content\/uploads\/2021\/07\/Hanhelan_Farmin_aamupuuhat_2021_MarkeLaaksonen-1024x808.jpg\" alt=\"\" class=\"wp-image-344\" srcset=\"https:\/\/markelaaksonen.net\/wp-content\/uploads\/2021\/07\/Hanhelan_Farmin_aamupuuhat_2021_MarkeLaaksonen-1024x808.jpg 1024w, https:\/\/markelaaksonen.net\/wp-content\/uploads\/2021\/07\/Hanhelan_Farmin_aamupuuhat_2021_MarkeLaaksonen-300x237.jpg 300w, https:\/\/markelaaksonen.net\/wp-content\/uploads\/2021\/07\/Hanhelan_Farmin_aamupuuhat_2021_MarkeLaaksonen-768x606.jpg 768w, https:\/\/markelaaksonen.net\/wp-content\/uploads\/2021\/07\/Hanhelan_Farmin_aamupuuhat_2021_MarkeLaaksonen-1536x1212.jpg 1536w, https:\/\/markelaaksonen.net\/wp-content\/uploads\/2021\/07\/Hanhelan_Farmin_aamupuuhat_2021_MarkeLaaksonen-2048x1616.jpg 2048w\" sizes=\"(max-width: 706px) 89vw, (max-width: 767px) 82vw, 740px\" \/><figcaption class=\"wp-element-caption\">Hanhelan Farmin aamupuuhat, 2021, sekatekniikka, 81\u00d7100 cm, yksityisomistuksessa<\/figcaption><\/figure>\n\n\n\n<div class=\"wp-block-columns is-layout-flex wp-container-core-columns-is-layout-9d6595d7 wp-block-columns-is-layout-flex\">\n<div class=\"wp-block-column is-layout-flow wp-block-column-is-layout-flow\"><\/div>\n\n\n\n<div class=\"wp-block-column is-layout-flow wp-block-column-is-layout-flow\"><\/div>\n<\/div>\n","protected":false},"excerpt":{"rendered":"","protected":false},"author":1,"featured_media":0,"parent":0,"menu_order":0,"comment_status":"closed","ping_status":"closed","template":"","meta":{"footnotes":""},"class_list":["post-1021","page","type-page","status-publish","hentry"],"_links":{"self":[{"href":"https:\/\/markelaaksonen.net\/index.php?rest_route=\/wp\/v2\/pages\/1021","targetHints":{"allow":["GET"]}}],"collection":[{"href":"https:\/\/markelaaksonen.net\/index.php?rest_route=\/wp\/v2\/pages"}],"about":[{"href":"https:\/\/markelaaksonen.net\/index.php?rest_route=\/wp\/v2\/types\/page"}],"author":[{"embeddable":true,"href":"https:\/\/markelaaksonen.net\/index.php?rest_route=\/wp\/v2\/users\/1"}],"replies":[{"embeddable":true,"href":"https:\/\/markelaaksonen.net\/index.php?rest_route=%2Fwp%2Fv2%2Fcomments&post=1021"}],"version-history":[{"count":5,"href":"https:\/\/markelaaksonen.net\/index.php?rest_route=\/wp\/v2\/pages\/1021\/revisions"}],"predecessor-version":[{"id":1045,"href":"https:\/\/markelaaksonen.net\/index.php?rest_route=\/wp\/v2\/pages\/1021\/revisions\/1045"}],"wp:attachment":[{"href":"https:\/\/markelaaksonen.net\/index.php?rest_route=%2Fwp%2Fv2%2Fmedia&parent=1021"}],"curies":[{"name":"wp","href":"https:\/\/api.w.org\/{rel}","templated":true}]}}